{"id":21,"date":"2012-11-27T20:32:31","date_gmt":"2012-11-27T19:32:31","guid":{"rendered":"http:\/\/wordpress.p180270.webspaceconfig.de\/?page_id=21"},"modified":"2023-12-05T11:25:03","modified_gmt":"2023-12-05T10:25:03","slug":"skillprofil","status":"publish","type":"page","link":"https:\/\/www.cabp.de\/index.php\/profil\/skillprofil\/","title":{"rendered":"Skillprofil \u2013 Tobias Baumhauer (geb. Weih)"},"content":{"rendered":"<h3>Master Certified IT Architect (Open Group)\u00a0<img loading=\"lazy\" class=\"alignright size-medium wp-image-647\" title=\"Tobias Baumhauer (geb. Tobias Weih)\" src=\"http:\/\/wordpress.p180270.webspaceconfig.de\/wp-content\/uploads\/cabp-blog-208x300.jpg\" alt=\"\" width=\"208\" height=\"300\" srcset=\"https:\/\/www.cabp.de\/wp-content\/uploads\/cabp-blog-208x300.jpg 208w, https:\/\/www.cabp.de\/wp-content\/uploads\/cabp-blog.jpg 250w\" sizes=\"(max-width: 208px) 100vw, 208px\" \/><br \/>\nIBM Certified Application Architect<\/h3>\n<p>&nbsp;<\/p>\n<p>Ich bin freiberuflicher Solution-Architekt mit fast 20 Jahren Erfahrung in Systementwicklungs- und Integrationsprojekten. Mein technischer Erfahrungsschwerpunkt liegt auf der Anwendungs- und Systemarchitektur von verteilten Systemen, insbesondere auf Cloud- und prozessorientierten Anwendungen im Umfeld von Web- und Microservice-Architekturen, sowie dem Aufbau und der Begleitung von SE-Teams.<\/p>\n<h4>Meine fachlichen Schwerpunkte sind:<\/h4>\n<ul>\n<li>Technischer Architektur und Entwurf verteilter, hochverf\u00fcgbarer Systeme, sowie Erstellung zugeh\u00f6riger<br \/>\nModelle und Architektur-Dokumentation.<\/li>\n<li>Systemintegration und Custom Application Development im Umfeld von REST-basierten Microservices,<br \/>\nSingle-Page Applications, Java und JEE aber auch serverseitigen Web-Technologien und RCP.<\/li>\n<li>Systemische Qualit\u00e4tssicherung und Review in IT-Projekten, sowie von Dokumenten, Architekturen<br \/>\nund Code-Artefakten.<\/li>\n<\/ul>\n<h4>Sie suchen Verst\u00e4rkung f\u00fcr ihr Projekt?<\/h4>\n<p>Ich arbeite verantwortungsvoll und gewissenhaft, bin technisch breit aufgestellt und verstehe es besonders gut<\/p>\n<ul>\n<li>Teams zu motivieren und technisch anzuleiten.<\/li>\n<li>Sachverhalte verst\u00e4ndlich zu kommunizieren und kreativ anzuwenden.<\/li>\n<li>L\u00f6sungen pragmatisch und strukturiert zu entwerfen, zu planen und umzusetzen.<\/li>\n<\/ul>\n<p>Gerne gebe ich Ihnen dazu weitere Referenzen oder Arbeitsproben und \u00fcbersende Ihnen mein detailliertes Skillprofil.<\/p>\n<hr \/>\n<h3><span style=\"font-size: 1em;\">Erfahrung<\/span><\/h3>\n<h4>Zu den erfahrensten Gebieten geh\u00f6rt<\/h4>\n<ul>\n<li>Konzeption und Umsetzung von Enterprise IT-Systemen in komplexem operationalen Umfeld mit mehreren Rechenzentren \u00fcber alle Layer<br \/>\nund den gesamten Lebenszyklus.<\/li>\n<li>Planung und Umsetzung von Softwareentwicklungsprojekten als leitender IT-Architekt f\u00fcr Projekte bis 20.000 Personentagen und 3 SE-Teams.<\/li>\n<li>Ausarbeitung nicht-funktionaler Anforderungen und deren \u00dcbersetzung in Architekturleitlinien und -entscheidungen, sowie Testkonzepte.<\/li>\n<li>Operational System Sizing, sowie Planung und Durchf\u00fchrung Last- und Performanceanalysen.<\/li>\n<li>Dokumentation und Implementierung von Sicherheitskonzepten und -ma\u00dfnahmen f\u00fcr Softwaresysteme nach Vorgabe des BSI.<\/li>\n<\/ul>\n<h4>Dar\u00fcber hinaus geschult und erfahren<\/h4>\n<ul>\n<li>in der Erarbeitung und Transformation von Fachanforderungen, sowie im Umgang mit fachlicher Dokumentation und Durchf\u00fchrung von Analyseworkshops.<\/li>\n<li>in der Kommunikation mit Bedarfstr\u00e4gern, in mehreren Projekten auch direkt mit der Gesch\u00e4ftsf\u00fchrung.<\/li>\n<li>in Softwareentwicklungs- und Managementmodellen, insb.systemtheoretische agile Ans\u00e4tze aus dem Umfeld Scrum-at-scale, aber auch lineare Methoden wie V-Modell und RUP.<\/li>\n<li>in der Erstellung von Work-Breakdowns und Estimates.<\/li>\n<li>Dozent im Bereich Java, JSP\/Servlets und JEE Patterns (&gt;150h).<\/li>\n<\/ul>\n<hr \/>\n<h3>Key Trainings und Zertifikate<\/h3>\n<ul>\n<li>Computational Learning Theory (HPI, 2020)<\/li>\n<li>Merkmalskonstruktion f\u00fcr Machine Learning (Zheng\/Casari, 2020)<\/li>\n<li>Designing Data-Intensive Applications (Kleppmann, 2019)<\/li>\n<li>Design Thinking (PC, 2017)<\/li>\n<li>Angular Bootcamp (Oasis, 2016)<\/li>\n<li>Visual Software Analytics (HPI, 2015)<\/li>\n<li>Zertifizierter Mediator (HU Berlin \/ EHV, 2014)<\/li>\n<li>Master Certified IT Architect Rezertifizierung (Open Group, 2014)<\/li>\n<li>Certified Scrum Master (Jeff Sutherland, 2012)<\/li>\n<li>Master Certified IT Architect, (IBM, 2011)<\/li>\n<li>Leading@IBM (PPD+)<\/li>\n<li>Architecting for Performance (A5020BX)<\/li>\n<li>Performance Engineering (PEDSP00B)<\/li>\n<li>Certified SOA-Architect, SOA (IBM, 2011)<\/li>\n<li>Estimating (IBM, BLG0366)<\/li>\n<li>Estimation Lifecycle (IBM, OM28G)<\/li>\n<li>Certified SOA Associate Program (IBM, SR5413418)<\/li>\n<li>Advisory IT-Architect, Technical Project Manager (IBM, 2009)<\/li>\n<li>Associate IT-Architect, Performance Engineer (IBM, 2007)<\/li>\n<li>SOMA SME (IBM, SOMS2-4)<\/li>\n<li>Client Consulting for IT Architects (IBM, ITA06)<\/li>\n<li>Consulting Foundation (IBM, BC419GB)<\/li>\n<li>Asset Based Thinking (IBM, BLG2597)<\/li>\n<li>Team Solution Design (IBM, WBT302)<\/li>\n<li>Project Management UMF (IBM, PM54G)<\/li>\n<\/ul>\n<hr \/>\n<h3>Methodische Kenntnisse (praktisch angewandt)<\/h3>\n<div>\n<table border=\"0\">\n<tbody>\n<tr>\n<td style=\"width: 400px;\" valign=\"top\">\n<h4>Analyse<\/h4>\n<p>Fundierte Erfahrungen in der fachbereichs-\u00fcbergreifenden Analyse von Anforderungen und Gesch\u00e4ftsprozessen und deren Transformation in eine prozessorientierte IT-L\u00f6sung, inkl. Aufwandssch\u00e4tzung und Planung.<\/p>\n<ul>\n<li>Service-Analyse: DDD, SOMA (IBM), SOA-PFM<\/li>\n<li>Anforderungserhebung: User Journeys \/ Persona, Workshop- und Interviewbasiert<\/li>\n<li>Dekonstruktion und Aufwandssch\u00e4tzung: WBS, Event Storming, SME-Estimations<\/li>\n<li>Gesch\u00e4ftsprozessmodellierung: BPMN 2.0, Aktivit\u00e4tsdiagramme, eEPK<\/li>\n<\/ul>\n<h4><\/h4>\n<h4><strong>Management \/ Vorgehensmodelle<\/strong><\/h4>\n<p>Erfahren in der Aufgabenplanung und Arbeitssteuerung von mehreren Teams mit bis zu 30 Mitgliedern im Umfeld agiler Managementmodelle, insbesondere Scrum und Kanban.<\/p>\n<ul>\n<li>Distributed Scrum, SAVe, Kanban, Agile Engineering, Mgmt3.0<\/li>\n<li>UMF\/GSM (IBM)<\/li>\n<li>RUP, V-Modell<\/li>\n<li>ITIL<\/li>\n<\/ul>\n<div><\/div>\n<\/td>\n<td style=\"width: 400px;\" valign=\"top\">\n<h4><strong>Design \/ Architektur<\/strong><\/h4>\n<div>\n<p>Entwurf von Applikations- und verteilten 08Systemarchitekturen in komplexem operationalem Umfeld und die Erstellung zugeh\u00f6riger Modelle und Dokumentation.<\/p>\n<ul>\n<li>Architekturmodellierung auf UML-Basis, insb. Komponenten- Kontext- und Sequenzdiagramme<\/li>\n<li>Topologien und operationale Modelle von server- und cloudbasierten Systeme<\/li>\n<li>Architectural Decision Modeling, Work Breakdown Modeling<\/li>\n<li>Verschiedene Sch\u00e4tzmethoden f\u00fcr ein operationales Sizing<\/li>\n<li>Datenmodellierung mit Klassendiagrammen und ERMs<\/li>\n<\/ul>\n<\/div>\n<h4>Sicherheit<\/h4>\n<p>Bewertung und Umsetzungsleitung auf Basis von OWASP und dem Grundschutzkatalog des BSI.<\/p>\n<h4>Test<\/h4>\n<p>Geschult und erfahren in der Erarbeitung von Teststrategie und Testplan gegen NFRs, sowie der Planung von Last- und Performancetests, sowie Sicherheits- bzw. Penetrationstests.<\/p>\n<div><\/div>\n<\/td>\n<\/tr>\n<\/tbody>\n<\/table>\n<hr \/>\n<h3>IT-Fachwissen (praktisch angewandt)<\/h3>\n<div>\n<table border=\"0\">\n<tbody>\n<tr>\n<td style=\"width: 400px;\" valign=\"top\">\n<h4>Microservices und SOA<\/h4>\n<ul>\n<li>OpenAPI, JSON, RESTful Microservice Architectures<\/li>\n<li>BPEL, BPMN 2.0<\/li>\n<li>XSL \/ XSD \/ XSLT<\/li>\n<li>JAX-RPC \/ WS, SOAP, WS-I Basic<\/li>\n<\/ul>\n<h4><strong>System-integration <\/strong><\/h4>\n<ul>\n<li>Messaging \/ Apache Kafka<\/li>\n<li>Istio service mesh<\/li>\n<li>RMI, Corba ORB<\/li>\n<li>SAP JCO \/ BAPI<\/li>\n<li>OO \/ UNO, FO<\/li>\n<\/ul>\n<h4><strong>Security<\/strong><\/h4>\n<ul>\n<li>Axways Application Gateway<\/li>\n<li>Oracle API Gateway 11g OAG<\/li>\n<li>Oracle IAM Stack 11g, OAM, OVD, Webgate<\/li>\n<li>NexusIQ, Contrast, Twistlock<\/li>\n<\/ul>\n<h4><strong>Persistenz<\/strong><\/h4>\n<ul>\n<li>Apache Cassandra, CQL<\/li>\n<li>SQL, PLSQL<\/li>\n<li>Hibernate ORM 2.1, 3, Toplink, Eclipselink<\/li>\n<li>Data Cube Aggregations (DWH\/BI), DB2 OLAP<\/li>\n<li>Oracle 8,10,11<\/li>\n<li>MySQL, Maria-DB<\/li>\n<\/ul>\n<h4><strong>Methoden und Modellierung<\/strong><\/h4>\n<div>\n<ul>\n<li>Distributed Scrum, Kanban, Agile Engineering, Mgmt3.0<\/li>\n<li>UML2, UMF\/GSM, SOMA (IBM), RUP, V-Modell<\/li>\n<li>ITIL Foundation<\/li>\n<li>div. operational sizing<\/li>\n<li>div. estimation<\/li>\n<\/ul>\n<\/div>\n<h4><strong>Spezial-kenntnisse<\/strong><\/h4>\n<div>\n<ul>\n<li>SAGA, DOMEA2<\/li>\n<li>DB2 OLAP \/ DWH modeling<\/li>\n<\/ul>\n<\/div>\n<\/td>\n<td style=\"width: 400px;\" valign=\"top\">\n<h4><strong>Java<\/strong><\/h4>\n<div>\n<ul>\n<li>Java 1.1.3 bis 11, EJB 3.0, breites API-Spektrum<\/li>\n<li>Spring Boot, Spring Data<\/li>\n<li>Reflection\/Proxies, VM-Stats, Heap-Analytics, Threading, GC Strategies, Parsing<\/li>\n<li>Eclipse PDE \/ RCP, OSGi, Databinding<\/li>\n<li>JSP\/Servlets, Portlet API (JSR168\/286)<\/li>\n<li>SWT, AWT, JSF, RichFaces, Oracle ADF<\/li>\n<\/ul>\n<\/div>\n<h4><strong>Web Technologien<\/strong><\/h4>\n<div>\n<ul>\n<li>Angular-SPAs, ngRX<\/li>\n<li>Apache2, Squid<\/li>\n<li>HTML, Javascript, CSS<\/li>\n<li>PHP3, Cocoon2 XSLT\/FO<\/li>\n<\/ul>\n<\/div>\n<h4><strong>Container<\/strong><\/h4>\n<div>\n<ul>\n<li>Kubernetes, Rancher<\/li>\n<li>DC\/OS, Mesos, Marathon<\/li>\n<li>Docker, Docker-swarm<\/li>\n<li>Oracle Weblogic 11g, Oracle Application Server 10g<\/li>\n<li>Oracle Webcenter 11g, Portal, Content Manager, SSXA<\/li>\n<li>Oracle SOA Suite 11g, Weblogic<\/li>\n<li>IBM WebSphere Application Server 5,6<\/li>\n<li>IBM WebSphere Portal Server 6<\/li>\n<li>IBM WebSphere Batch Compute Grid \/ zOS \/ zLinux<\/li>\n<li>JBoss 5, Tomcat 6.5, Allaire JRun, Spring 2.5<\/li>\n<\/ul>\n<\/div>\n<h4><strong>QS, Test, CI<\/strong><\/h4>\n<div>\n<ul>\n<li>Git, Hudson, Maven, ANT, Subversion, CVS<\/li>\n<li>Sonar, Gerrit, Findbugs, Checkstyle<\/li>\n<li>JUnit, JMeter, SoapUI<\/li>\n<li>Lighthouse<\/li>\n<\/ul>\n<\/div>\n<h4><strong>MDA<\/strong><\/h4>\n<div>\n<ul>\n<li>RSA, RMC<\/li>\n<li>MID Innovator, AndroMDA<\/li>\n<li>Transformation JET, oAW, XDoclet<\/li>\n<li>Xinity MDA, AMIS-Forms, Bowstreet Factory<\/li>\n<\/ul>\n<\/div>\n<\/td>\n<\/tr>\n<\/tbody>\n<\/table>\n<hr \/>\n<h3>Werdegang<\/h3>\n<p>1999 Werkstudent der Wirtschaftsinformatik (Philip Morris GmbH \/ Infopark AG)<br \/>\n2002 Dipl. Wirtschaftsinformatiker (BA), Bachelor of Arts (B.A.Hons.)<br \/>\n2003 Institut f\u00fcr Medien- und Computersysteme<br \/>\n2005 IBM Deutschland GmbH<br \/>\n2006 IBM Performance Engineer, SOA Associate Specialist<br \/>\n2008 IBM Associate Architect, Quality Engineering<br \/>\n2011 IBM Certified Architect, Master Certified IT Architect (Open Group)<br \/>\n2012 freiberuflicher IT-Architekt und -Berater<\/p>\n<\/div>\n<\/div>\n","protected":false},"excerpt":{"rendered":"<p>Master Certified IT Architect (Open Group)\u00a0 IBM Certified Application Architect &nbsp; Ich bin freiberuflicher Solution-Architekt mit fast 20 Jahren Erfahrung in Systementwicklungs- und Integrationsprojekten. Mein technischer Erfahrungsschwerpunkt liegt auf der Anwendungs- und Systemarchitektur von verteilten Systemen, insbesondere auf Cloud- und prozessorientierten Anwendungen im Umfeld von Web- und Microservice-Architekturen, sowie dem Aufbau und der Begleitung von [&hellip;]<\/p>\n","protected":false},"author":3,"featured_media":0,"parent":19,"menu_order":0,"comment_status":"closed","ping_status":"closed","template":"","meta":[],"_links":{"self":[{"href":"https:\/\/www.cabp.de\/index.php\/wp-json\/wp\/v2\/pages\/21"}],"collection":[{"href":"https:\/\/www.cabp.de\/index.php\/wp-json\/wp\/v2\/pages"}],"about":[{"href":"https:\/\/www.cabp.de\/index.php\/wp-json\/wp\/v2\/types\/page"}],"author":[{"embeddable":true,"href":"https:\/\/www.cabp.de\/index.php\/wp-json\/wp\/v2\/users\/3"}],"replies":[{"embeddable":true,"href":"https:\/\/www.cabp.de\/index.php\/wp-json\/wp\/v2\/comments?post=21"}],"version-history":[{"count":67,"href":"https:\/\/www.cabp.de\/index.php\/wp-json\/wp\/v2\/pages\/21\/revisions"}],"predecessor-version":[{"id":959,"href":"https:\/\/www.cabp.de\/index.php\/wp-json\/wp\/v2\/pages\/21\/revisions\/959"}],"up":[{"embeddable":true,"href":"https:\/\/www.cabp.de\/index.php\/wp-json\/wp\/v2\/pages\/19"}],"wp:attachment":[{"href":"https:\/\/www.cabp.de\/index.php\/wp-json\/wp\/v2\/media?parent=21"}],"curies":[{"name":"wp","href":"https:\/\/api.w.org\/{rel}","templated":true}]}}